= 2*o + 1. Let n be v(1). Let q = 93 - n. Calculate the remainder when q is divided by m.
21
Let l = -4547 - -6602. What is the remainder when l is divided by 188?
175
Let l be 64/(-6) - (-8)/12. Let h be ((-164)/(-2))/((l - -2)/(-4)). What is the remainder when 125 is divided by 1*h - 20/(-10)?
39
Calculate the remainder when (-5 - 117/(-21))*46893/42 is divided by 625.
13
Suppose -17*q + 19240 = 3277. Calculate the remainder when q is divided by 9.
3
Let f(y) = y**2 + 17*y - 1. Let t be f(-17). Let h(u) = -28*u**3 + 2*u**2 + 3*u + 2. Let b = -11 - -27. Calculate the remainder when h(t) is divided by b.
13
Suppose -2*b = -2*c - c - 281, 0 = b - 1. Let h = c - -109. What is the remainder when 170 is divided by h?
10
Suppose -536 = -2*w + 4*l, -216 = -w - 3*l + 67. Let b = -260 + w. Calculate the remainder when 73 is divided by b.
3
Suppose -30 - 140 = -25*r + 80. What is the remainder when 270 is divided by r?
0
Calculate the remainder when 3431 is divided by (8 + -5)/(10/60) + 4.
21
Let r = -15018 + 15038. Calculate the remainder when 292 is divided by r.
12
Let r(y) = -y - 3. Let z be r(-8). Suppose 7*b = 309 - 204. Calculate the remainder when 79 is divided by (-294)/b*-1 + 2/z.
19
Let x = 40 - 20. Suppose -4*l + 2063 + 3241 = 0. Suppose -9*z = 8*z - l. Calculate the remainder when z is divided by x.
18
Suppose 6*x = 507 + 303. Suppose -2*z - 115 = -x. What is the remainder when 257 is divided by z?
7
Suppose 0*f = f - 4*k + 6, -5*k = f - 12. Let d be -58 - 3 - (-1 - f). Let l = 71 + d. Calculate the remainder when l is divided by 12.
1
Let w(d) = d**2 - 88*d + 1761. Calculate the remainder when 2185 is divided by w(28).
79
Let v(a) = -9*a**3 + 3*a**2 + 7*a + 6. Let g be v(-3). Let l = g - 237. What is the remainder when 286 is divided by l?
16
Let m(k) = -9*k**2 - 28*k - 6. Suppose -5*x + 24 = 49. Let h be m(x). Let u = h + 122. Calculate the remainder when 61 is divided by u.
30
Suppose -1631*n + 1633*n - 1622 = 0. Calculate the remainder when n is divided by 74.
71
Let s(f) = 15*f**2 - 41*f + 257. What is the remainder when 3244 is divided by s(11)?
2
Let m(c) = -49*c - 17. Let a be 8/(-10)*(-135)/(-18). Calculate the remainder when m(a) is divided by 40.
37
Let z = -14103 + 14212. Calculate the remainder when z is divided by 40.
29
Let g(h) = -4*h**3 - 16*h - 33. Let a be g(-2). Suppose 0 = -9*u + a*u - 242. Suppose 0 = 2*p - 16 + 4. What is the remainder when u is divided by p?
5
Suppose 2*k - 1194 + 215 = -5*s, 4*k + 937 = 5*s. What is the remainder when s is divided by 93?
7
Suppose -2*p + 16 = -i, i + i - 3*p = -29. Let c = i - -12. What is the remainder when (783/58 + -14)/(-1*(-3)/(-36)) is divided by c?
0
Suppose -43*p + 2278 = 91*p. Calculate the remainder when 47 is divided by p.
13
Suppose -36*h + 143*h = -41*h + 9620. Calculate the remainder when 249 is divided by h.
54
Let a(n) = n**3 - 4*n**2 + n - 11. Let p(w) = 2*w**2 - w - 7. What is the remainder when p(-6) is divided by a(5)?
14
Let b(k) = -k**3 + 2*k**2 + 3*k - 4. What is the remainder when b(-7) is divided by 6/(-16) - 406486/(-5776)?
66
Let j = -10545 - -10612. Suppose 3*b = 63 + 51. Calculate the remainder when j is divided by b.
29
Suppose -3*s + 13961 = 1691. Suppose -103*x + s = -98*x. What is the remainder when x is divided by 39?
38
Let k = 12 + 14. Let i = k - 26. Suppose -f - 3 = i, 4*h = 2*h - f + 185. Calculate the remainder when h is divided by 24.
22
Let b = 402 - 274. Let n = 179 - b. What is the remainder when 98 is divided by n?
47
Let u = 416 + -214. What is the remainder when 412 is divided by u?
8
Let p = 383 + -225. Suppose 4*v - 5*g - 2 = 5*v, -3*g + 26 = 4*v. What is the remainder when p is divided by (-20 + 0)/(68/(-8) + v)?
38
Calculate the remainder when 3111 is divided by -2*4 - (44 - 60).
7
Let k(w) = 152*w**2 - 2. Calculate the remainder when k(1) is divided by ((-21)/(-15))/((-8)/(-80)).
10
Suppose -6*l - 5 = 5*o - 3*l, 2*l + 20 = 5*o. Suppose 2*b = 3*x - 718, 7*b - 4*b = -o*x + 457. What is the remainder when x is divided by 79?
78
Let j = -1621 + 1641. What is the remainder when 99 is divided by j?
19
Suppose 0 = d + d + 3*c - 367, 3*c = -5*d + 913. Calculate the remainder when 726 is divided by d.
180
Suppose 86 = 2*x + 2*v - 110, -3*x + 2*v + 284 = 0. Suppose 2*d = 8*d - x. What is the remainder when 61 is divided by d?
13
Suppose -4 - 9 = -j. Suppose -j*q = -10*q - 78. Calculate the remainder when q is divided by 14.
12
Let j = -214 + 202. What is the remainder when (j/(-21)*9)/(6/21) is divided by 16?
2
Suppose 0 = -11*k + 46*k + 105 - 19775. Calculate the remainder when k is divided by 42.
16
What is the remainder when 1120 is divided by ((-41454)/(-2205))/(0 - (-2)/10)?
86
Suppose 3*l + 0*l = 5*d + 156, 4*l - 4*d = 216. Let m = 221 - 736. Let b = 520 + m. Calculate the remainder when l is divided by b.
2
Suppose 3*f - m - 58 = 0, 56 = 2*f - 0*f - 5*m. Let u(g) = -19*g - 66. Let k be u(2). Let i = k - -137. Calculate the remainder when i is divided by f.
15
Suppose -4*r = -p - 5055, 5*p + 1259 = -7*r + 8*r. Suppose -15*u - r = -31*u. What is the remainder when 468 is divided by u?
73
Suppose -314 - 94 = -8*a. What is the remainder when 356 is divided by a?
50
Let g = 16 + 45. Suppose 2*u - 108*f = -111*f + 372, 0 = -5*u + 5*f + 880. What is the remainder when u is divided by g?
58
Suppose 4*d - 2*o - 60 = -o, -3*d + 52 = o. Calculate the remainder when 1385 is divided by d.
9
Let z = 50 + -46. Suppose 13 = z*n + 41. Let h = 49 + n. What is the remainder when h is divided by 22?
20
What is the remainder when 1581/63 + (-8)/84 is divided by 6 - (-2)/(14/(-21))?
1
Let n = -119 - -145. Suppose 5*b = n + 64. Calculate the remainder when b is divided by 10.
8
Let a = 896 + -890. Suppose -a*w + 171 = 3*w. Suppose -z - 4*h + 28 = 0, -6*z + 5*h + 154 = -2*z. Calculate the remainder when z is divided by w.
17
Suppose -56*o + 13376 = -45*o. What is the remainder when o is divided by 37?
32
Let u = -1743 + 1985. Calculate the remainder when u is divided by 4.
2
Suppose 3*r = t + 4, -3*r + 4*t + 13 = -3. Suppose r = 27*l - 22*l - 45. What is the remainder when (-2)/(-1) - (-36 - -4) is divided by l?
7
Let z = 11854 + -11799. What is the remainder when 488 is divided by z?
48
Suppose -23*f + 10*f = 0. Suppose 27*k - 767 - 232 = f. Calculate the remainder when 97 is divided by k.
23
Calculate the remainder when 109*(3 + 8/(-6)*(-126)/(-84)) is divided by 15.
4
Suppose 53*s + 1314 - 9052 = 0. Suppose -45 = 5*c - 235. Calculate the remainder when s is divided by c.
32
Let c = -568 + 901. Suppose 0 = 4*j + s - c - 1179, 4*j + 3*s - 1520 = 0. Calculate the remainder when j is divided by 76.
73
Suppose 57*j - 116799 = -59041 + 136441. Calculate the remainder when j is divided by 16.
15
Suppose -2*h + 58 = -z, -3*h + z + 92 = -3*z. Suppose 12 = -0*b - 2*b. Let a(y) = y**3 + 6*y**2 + y + 19. What is the remainder when h is divided by a(b)?
2
Let w(v) = -1192*v - 42 + v**2 + 1194*v - 10. Calculate the remainder when w(-10) is divided by 6.
4
Calculate the remainder when (1513 + -27)*-15*5/(-30) is divided by 124.
119
Suppose 24*s = 25*s - 33. Suppose -s*m - 60 = -31*m. What is the remainder when 27 is divided by 4/m + (-456)/(-45)?
7
Let k = 11058 - 11001. What is the remainder when 221 is divided by k?
50
Suppose -3*p + 20*p + 2125 = 0. Let y = p + 128. Let m(g) = 2*g**2 - 5. What is the remainder when m(y) is divided by 7?
6
Let f(l) = -l**2 - 68*l - 1037. What is the remainder when 206 is divided by f(-24)?
16
Let i(u) = 56*u - 497. Let g = 71 - 28. Calculate the remainder when g is divided by i(9).
1
Suppose 0 = -10*a + 53 + 7. Suppose a*d = -5*d - 110. What is the remainder when 25 is divided by (1/(-4) + d/(-8))*7?
4
Suppose 16771*j + 4095 = 16816*j. Calculate the remainder when 240 is divided by j.
58
Suppose -6*a - 2430 + 726 = 0. Let n = 299 + a. Calculate the remainder when 146 is divided by n.
11
Let j be ((-1445)/85)/(-1 + (-26)/(-25)). Let t = 503 + j. What is the remainder when 152 is divided by t?
74
Let r = 6 + -1. Suppose 2*z + z = 4*m + 171, 0 = 5*z - 5*m - 280. Suppose 365 - z = 13*t. What is the remainder when t is divided by r?
4
Suppose -3*q = -5*c - 472, 3*q = -0*q - 3*c + 432. Suppose -5*p = -22 - 3, 0 = -4*f - p + q. Calcula